{"id":139,"date":"2015-03-04T19:36:05","date_gmt":"2015-03-04T19:36:05","guid":{"rendered":"http:\/\/www.ineweb.com\/www2\/?page_id=139"},"modified":"2015-06-10T10:12:24","modified_gmt":"2015-06-10T14:12:24","slug":"que-hacemos","status":"publish","type":"page","link":"http:\/\/www.ineweb.com\/www2\/que-hacemos\/","title":{"rendered":"Que Hacemos"},"content":{"rendered":"<p>[et_pb_section fullwidth=\u00bbon\u00bb specialty=\u00bboff\u00bb background_image=\u00bbhttp:\/\/www.ineweb.com\/www2\/wp-content\/uploads\/2015\/02\/geometic-bg-blue.jpg\u00bb transparent_background=\u00bboff\u00bb background_color=\u00bb#ffffff\u00bb allow_player_pause=\u00bboff\u00bb inner_shadow=\u00bboff\u00bb parallax=\u00bboff\u00bb parallax_method=\u00bboff\u00bb][et_pb_fullwidth_header admin_label=\u00bbT\u00edtulo \u00bb title=\u00bbComo Podemos Ayudarle\u00bb background_layout=\u00bbdark\u00bb text_orientation=\u00bbcenter\u00bb \/][\/et_pb_section][et_pb_section fullwidth=\u00bboff\u00bb][et_pb_row][et_pb_column type=\u00bb1_3&#8243;][et_pb_image admin_label=\u00bbImagen\u00bb src=\u00bbhttp:\/\/www.ineweb.com\/www2\/wp-content\/uploads\/2015\/03\/Fotolia_78231557_XS.jpg\u00bb title_text=\u00bbtitulo imagen\u00bb show_in_lightbox=\u00bboff\u00bb url_new_window=\u00bboff\u00bb animation=\u00bbleft\u00bb sticky=\u00bbon\u00bb alt=\u00bbMarketing web negocios\u00bb \/][\/et_pb_column][et_pb_column type=\u00bb2_3&#8243;][et_pb_text admin_label=\u00bbTexto fondo blanco\u00bb background_layout=\u00bblight\u00bb text_orientation=\u00bbleft\u00bb]<\/p>\n<h2>Consultor\u00eda\u00a0En Negocios Electr\u00f3nicos<\/h2>\n<p>Mostramos a nuestros clientes las ventajas de incorporarse a los negocios electr\u00f3nicos y los beneficios competitivos que puede obtener.\u00a0Le ayudamos a crear una estrategia de negocios y mercadeo apoyada en los medios electr\u00f3nicos.<\/p>\n<h2>Dise\u00f1o y Desarrollo\u00a0De Sitios Web<\/h2>\n<p>Le ayudamos a\u00a0determinar el contenido m\u00e1s conveniente para sus sitio Web de acuerdo a sus objetivos comunicacionales y de negocio. Nuestros sitios web son compatibles con navegadores m\u00f3viles: est\u00e1n optimizados para tel\u00e9fonos inteligentes\u00a0y tabletas. Tambi\u00e9n desarrollamos aplicaciones personalizadas para registro de clientes,\u00a0b\u00fasquedas en bases de datos, env\u00edo de emails masivos, etc.<\/p>\n<h2>Hospedaje y Mantenimiento<\/h2>\n<p>Servicio de carga y hospedaje del sitio Web en servidores de alto desempe\u00f1o. Administraci\u00f3n, configuraci\u00f3n, monitoreo y mantenimiento del servidor.<\/p>\n<p>[\/et_pb_text][\/et_pb_column][\/et_pb_row][\/et_pb_section][et_pb_section fullwidth=\u00bboff\u00bb specialty=\u00bboff\u00bb transparent_background=\u00bboff\u00bb allow_player_pause=\u00bboff\u00bb inner_shadow=\u00bbon\u00bb parallax=\u00bboff\u00bb parallax_method=\u00bboff\u00bb background_color=\u00bb#efefef\u00bb][et_pb_row][et_pb_column type=\u00bb2_3&#8243;][et_pb_text admin_label=\u00bbTexto fondo gris\u00bb background_layout=\u00bblight\u00bb text_orientation=\u00bbleft\u00bb]<\/p>\n<h1>Mercadeo Electr\u00f3nico<\/h1>\n<p>Le ayudamos a desarrollar una estrategia de mercadeo y campa\u00f1as publicitarias en en medios electr\u00f3nicos: Adwords, Facebook, portales y directorios especializados.<\/p>\n<h1>Manejo de Redes Sociales<\/h1>\n<p>Gestionamos tus redes sociales para incrementa tus ventas: Facebook, Twitter, Google +, Pinterest, Linkedin, YouTube, etc.<\/p>\n<h1>Comercio Electr\u00f3nico (e-commerce)<\/h1>\n<p>Desarrollo de tiendas virtuales para ventas a trav\u00e9s del sitio Web, incluyen el desarrollo del catalogo de productos y la interconexi\u00f3n bancaria para procesar pagos con tarjetas de cr\u00e9dito y d\u00e9bito.<\/p>\n<p>[\/et_pb_text][\/et_pb_column][et_pb_column type=\u00bb1_3&#8243;][et_pb_image admin_label=\u00bbImagen Digital Marketing\u00bb src=\u00bbhttp:\/\/www.ineweb.com\/www2\/wp-content\/uploads\/2015\/03\/Fotolia_66721805_XS.jpg\u00bb title_text=\u00bbMarketing Digital y Social Media\u00bb show_in_lightbox=\u00bboff\u00bb url_new_window=\u00bboff\u00bb animation=\u00bbleft\u00bb sticky=\u00bboff\u00bb \/][\/et_pb_column][\/et_pb_row][\/et_pb_section][et_pb_section fullwidth=\u00bboff\u00bb background_color=\u00bb#ffffff\u00bb inner_shadow=\u00bboff\u00bb parallax=\u00bboff\u00bb transparent_background=\u00bboff\u00bb allow_player_pause=\u00bboff\u00bb parallax_method=\u00bboff\u00bb][et_pb_row][et_pb_column type=\u00bb4_4&#8243;][et_pb_cta admin_label=\u00bbCont\u00e1ctenos\u00bb button_url=\u00bbhttp:\/\/www.ineweb.com\/www2\/contactenos\/\u00bb button_text=\u00bbCont\u00e1ctenos\u00bb background_color=\u00bb#0099ee\u00bb use_background_color=\u00bbon\u00bb background_layout=\u00bbdark\u00bb text_orientation=\u00bbcenter\u00bb title=\u00bbPerm\u00edtanos ayudarle\u00bb]<\/p>\n<p>Ll\u00e1manos y haremos una evaluaci\u00f3n gratuita de tu sitio web y estrategia de mercadeo digital.<\/p>\n<p>Consulta gratuita y sin compromiso.\u00a0\u00a1Que esperas! aumenta tus ventas.<\/p>\n<p>[\/et_pb_cta][\/et_pb_column][\/et_pb_row][\/et_pb_section]<\/p>\n","protected":false},"excerpt":{"rendered":"<p><div class=\"et_pb_row et_pb_row_0 et_pb_row_empty\">\n\t\t\t\t\n\t\t\t\t\n\t\t\t\t\n\t\t\t\t\n\t\t\t\t\n\t\t\t<\/div> Consultor\u00eda\u00a0En Negocios Electr\u00f3nicos Mostramos a nuestros clientes las ventajas de incorporarse a los negocios electr\u00f3nicos y los beneficios competitivos que puede obtener.\u00a0Le ayudamos a crear una estrategia de negocios y mercadeo apoyada en los medios electr\u00f3nicos. Dise\u00f1o y Desarrollo\u00a0De Sitios Web Le ayudamos a\u00a0determinar el contenido m\u00e1s conveniente para sus sitio Web de acuerdo [&hellip;]<\/p>\n","protected":false},"author":1,"featured_media":0,"parent":0,"menu_order":0,"comment_status":"open","ping_status":"open","template":"","meta":{"_et_pb_use_builder":"on","_et_pb_old_content":"","_et_gb_content_width":"","footnotes":""},"_links":{"self":[{"href":"http:\/\/www.ineweb.com\/www2\/wp-json\/wp\/v2\/pages\/139"}],"collection":[{"href":"http:\/\/www.ineweb.com\/www2\/wp-json\/wp\/v2\/pages"}],"about":[{"href":"http:\/\/www.ineweb.com\/www2\/wp-json\/wp\/v2\/types\/page"}],"author":[{"embeddable":true,"href":"http:\/\/www.ineweb.com\/www2\/wp-json\/wp\/v2\/users\/1"}],"replies":[{"embeddable":true,"href":"http:\/\/www.ineweb.com\/www2\/wp-json\/wp\/v2\/comments?post=139"}],"version-history":[{"count":39,"href":"http:\/\/www.ineweb.com\/www2\/wp-json\/wp\/v2\/pages\/139\/revisions"}],"predecessor-version":[{"id":220,"href":"http:\/\/www.ineweb.com\/www2\/wp-json\/wp\/v2\/pages\/139\/revisions\/220"}],"wp:attachment":[{"href":"http:\/\/www.ineweb.com\/www2\/wp-json\/wp\/v2\/media?parent=139"}],"curies":[{"name":"wp","href":"https:\/\/api.w.org\/{rel}","templated":true}]}}